is divided by 9?
4
Suppose 4*f - 39 = 277. Calculate the remainder when f is divided by 2/(66/927) + (-3)/33.
23
Let a = 33 - 48. Let d(u) = 2*u + 3. Calculate the remainder when d(3) is divided by (-1*a/(-6))/(2/(-4)).
4
Let n = 108 + -96. Suppose 0 = -5*s + 9*s - n. Calculate the remainder when 8 is divided by s.
2
Suppose -4*x - 532 = -3*c, -x = -5*c + 131 - 15. Let n = x + 204. Let m(q) = -q**3 + 6*q**2 - 2*q - 1. Calculate the remainder when n is divided by m(4).
22
Let f(x) be the second derivative of -5/6*x**3 - 10*x + 0 - 4*x**2. What is the remainder when f(-11) is divided by 8?
7
Let s = 31 + -28. Suppose 4 + 14 = s*a. What is the remainder when 22 is divided by a?
4
Let b = 29 - 57. Let s = 55 + b. Suppose -7*f + 4*f = -s. Calculate the remainder when 31 is divided by f.
4
Calculate the remainder when 166 is divided by (-10)/(80/(-84)) + (-1)/2.
6
Suppose -3*v - 61*x + 1211 = -63*x, 5*v - x = 2016. Calculate the remainder when v is divided by 45.
43
Let j = 51 + -21. Suppose -8*k + j = -5*k. Let c(z) = -z**3 + 11*z**2 - 9*z + 10. What is the remainder when 78 is divided by c(k)?
18
Calculate the remainder when 168 is divided by 91 - 11 - (-9 + 11).
12
Let j(x) = x**2 - 4*x + 12. Let z be j(-12). Suppose -5*f + 10 = 0, -4*f + 0*f + z = 2*l. What is the remainder when l is divided by 25?
23
Let q(h) = h. Let a(u) = 28*u + 2. Let d(y) = -a(y) + q(y). Calculate the remainder when d(-1) is divided by 13.
12
Let x(c) = 5*c + 10*c**2 - 12 - 9*c**2 + 2*c - 4*c. Let b(u) = u**2 + 5*u - 2. Let g be b(-4). What is the remainder when x(g) is divided by 3?
0
Let f = -697 + 708. Calculate the remainder when 42 is divided by f.
9
Suppose 28*k = 23*k + 230. Let q be (-4)/(1 - -3) + -7. What is the remainder when k is divided by 0 - (q + 0)*2?
14
What is the remainder when 18/(-4)*(-352)/48 is divided by 34/(2/1) + 1?
15
Calculate the remainder when 110 is divided by 6/4*20 - 4.
6
Let d = 225 - 220. What is the remainder when 11 is divided by d?
1
Let t(k) = k**3 + 23*k**2 - k - 20. Let y = -34 + 50. Calculate the remainder when y is divided by t(-23).
1
Let x = -71 - -47. Let h = x + 33. What is the remainder when 33 is divided by h?
6
Let i = 92 - 78. What is the remainder when 249 is divided by i?
11
Let j be (0/2)/((-3)/(-3)). Suppose j*h = -2*h + 48. Suppose 0*a + 10*a - 450 = 0. What is the remainder when a is divided by h?
21
Let t(u) = u**3 + 3*u**2 - 168*u - 22. What is the remainder when t(-14) is divided by (28/6)/((-2)/(-15))?
34
What is the remainder when 296 is divided by (-1382)/(-14) - (-16)/56?
98
Suppose -19 = -4*p + 4*u + 65, -5*u = 5*p - 105. Suppose -27 - p = -4*q. Calculate the remainder when q is divided by 4.
0
Let g = -890 + 907. What is the remainder when 149 is divided by g?
13
What is the remainder when (-4)/8*2/(-1) + 50 is divided by 3?
0
Let i = -14 + 163. What is the remainder when i is divided by 19?
16
Suppose 5*l = -428 + 468. What is the remainder when 14 is divided by l?
6
Calculate the remainder when 227 is divided by 7308/90 - (-33)/(-15).
69
Suppose 3*y - 5 = 1. Suppose 0 = -y*u + 18. Calculate the remainder when 32 is divided by u.
5
Suppose 0 = 3*n + 3*g + 48, -7 = 2*g - 1. Let y = 10 + n. What is the remainder when 13 is divided by ((-28)/(-12) - 4)*y?
3
Let w(t) = 6*t - 40. What is the remainder when 263 is divided by w(9)?
11
Let g be ((-9)/(-3 + 6))/(1/(-9)). Suppose -3*f + g = -j + 4*j, -3*f = -2*j + 8. What is the remainder when 9 is divided by j?
2
Let n(r) = -r**2 + 3*r + 16. Let a be n(8). Let m = a - -27. Calculate the remainder when 10 is divided by m.
1
What is the remainder when 15 is divided by 45/(-180) - 50/(-8)?
3
Let b = -32 - -71. Let f(r) = 8*r - 2. Calculate the remainder when b is divided by f(2).
11
Let w(z) = z**2 - 4 - 13 + z + 6*z + 0. Calculate the remainder when w(7) is divided by 23.
12
What is the remainder when -11 + (-3 - 2) + 141 is divided by 14?
13
Let l(f) = f**3 - 5*f + 8. Calculate the remainder when 25 is divided by l(2).
1
Let u = -507 - -534. Let m = 60 + -11. Calculate the remainder when m is divided by u.
22
Suppose 0*y - 2*y = -5*q + 13, 5*q = y + 14. Let o be y/(22/7 - 3). Suppose -3*c - 32 = -s, o*s - 2*c - 75 = 4*s. What is the remainder when s is divided by 5?
3
Suppose 31*h = 43*h - 348. Calculate the remainder when 82 is divided by h.
24
Suppose -2*a + 7 - 224 = -5*i, 3*a = 2*i - 78. Calculate the remainder when 166 is divided by i.
31
Let s = 17 + -9. Let t be ((-2)/3)/(5 - (-112)/(-21)). Suppose 40 = 3*k - t*x, k + x = -12 + 27. Calculate the remainder when k is divided by s.
6
Let m = -935 - -1010. What is the remainder when 220 is divided by m?
70
Suppose 5*j + 7 = o - 22, 5*j = -25. Let q = o + 33. Calculate the remainder when 146 is divided by q.
35
Suppose -4*p + 33 + 43 = 0. Suppose 7*s = 74 + 150. Calculate the remainder when s is divided by p.
13
Let y(q) = q - 1. Let m(n) = 9*n - 4. Let u(s) = m(s) - 4*y(s). What is the remainder when 59 is divided by u(3)?
14
Suppose -4*q + 129 + 107 = 0. Calculate the remainder when 292 is divided by q.
56
Suppose -5*v = 5*p - 85, 5*p + 77 = 6*v - 2*v. Let z = -97 + -4. Let r = -31 - z. Calculate the remainder when r is divided by v.
16
Let i = 6 - 3. Suppose 4*b + 8 = 5*z + 17, -4*z - b = i. Let h(q) = 88*q**2 - q. What is the remainder when h(z) is divided by 23?
20
Suppose 3*l + 48 = -3*b - 0*l, -52 = 2*b - 2*l. Let i = -15 + b. What is the remainder when 13 is divided by i/(-10) + 16/40?
1
Let l(h) = h**3 + 7*h**2 + 7*h + 4. Calculate the remainder when l(-4) is divided by 1/((-6)/(-15) - (-39)/(-135)).
6
Let r(q) = -2*q**3 + 8*q**2 - 3*q - 4. Suppose -2*k - 22 = -3*k. Calculate the remainder when k is divided by r(3).
2
Let d be (-5)/((35/(-2))/7). Let z = 51 - d. What is the remainder when z is divided by 13?
10
Suppose 0*h = 2*h + 2*b - 200, -2*h - 3*b = -204. Calculate the remainder when h is divided by 11.
8
Let q(s) = 2*s**2 + 10*s - 2. Let z be q(-10). Let c = z + 9. Calculate the remainder when c is divided by 27.
26
Let n = 5 + -10. Let r be (n/(-2))/(8/(-16)). Let s = r + 13. Calculate the remainder when 31 is divided by s.
7
Suppose 0 = 12*a - 899 + 275. Let r(d) = 23*d**2 + 4*d + 2. Let f be r(-2). Calculate the remainder when a is divided by f/8 - (-1)/4.
8
Suppose 0 = 4*m + 5*x - 2245, 25*m + 3*x - 1125 = 23*m. What is the remainder when m is divided by 18?
15
Suppose 3*h - 55 + 6 = 5*p, h - 20 = -2*p. Suppose 25*o + h = 26*o. Calculate the remainder when 68 is divided by o.
14
Suppose -6*r + 10 = -4*r. Let o = -3 - -17. Calculate the remainder when o is divided by r.
4
Suppose 5*t = 90 + 20. Let u(m) = 10*m + 1827. What is the remainder when u(-163) is divided by t?
21
Suppose 23 = -11*q + 56. Let g = 10 + -16. What is the remainder when (-16)/(-6)*g/(-4) is divided by q?
1
Let t(s) = -36*s - 41. Calculate the remainder when t(-18) is divided by 13.
9
Suppose 6*l - 7*l + 13 = 0. Let r be (22/(-4) + 3)*-2. Suppose -r*h - 37 = -162. Calculate the remainder when h is divided by l.
12
What is the remainder when 329 is divided by -31*(2 - 4) - -2 - -3?
61
Let i = 14 - 11. Suppose -5 + i = -j. Suppose 0 = -j*t - t + 57. What is the remainder when t is divided by 11?
8
Let z = 499 - 313. What is the remainder when z is divided by 49?
39
Suppose j - 134 = -k, -535 = -4*k + j + 6. Calculate the remainder when 414 is divided by k.
9
Let a be -2 - 3/(-3) - 30/(-5). Suppose 0 = b + 4*b - 5*g - 185, -a*b - 5*g + 145 = 0. What is the remainder when b is divided by 17?
16
Let n = 684 + -362. Calculate the remainder when n is divided by 54.
52
Suppose -2*g - 345 = -7*g. Suppose -57 = -2*n + g. Let w = 886 - 864. Calculate the remainder when n is divided by w.
19
Suppose 0*m = -2*m + 56. Suppose -j - 5*u = -2*u - 19, -2*j + 35 = 5*u. Calculate the remainder when m is divided by j.
8
Suppose 2*f = 9 - 1. Suppose -5*a + 0*a + f*m = -100, 2*m + 10 = 0. Suppose 231*u = 230*u + 62. What is the remainder when u is divided by a?
14
Suppose 2*b + 2*b = a + 35, 2*a = -6. Calculate the remainder when 92 is divided by b.
4
Suppose 137 = -5*f + 7. What is the remainder when (-19 - -24)/((-2)/f) is divided by 17?
14
Let z = 3 + 0. Suppose -5*b + 98 = -47. Suppose 5*p = 1 + b. What is the remainder when p is divided by 